 (0 - -7).
9
4 - (24 - 11) - -14
5
What is the value of 11 + 1 + (-218 - -211)?
5
Calculate 2 - -1 - (-1 - (-11 - -16) - 2).
11
What is the value of 0 + (4 - 8 - 0) + 6?
2
What is the value of -11 + -2 - ((20 - 36) + 8)?
-5
Calculate (-14 - 57 - -30) + 18.
-23
Calculate -7 + -25 + 23 - 19.
-28
What is -9 - (3 + -12) - -7?
7
-3 + (32 - 10) + -4 + -9
6
Evaluate 10 + 1 + 1 + -5 + -6.
1
What is the value of 302 + -295 + (-11 - 1)?
-5
What is the value of 6 + 0 - (-322 - -318)?
10
What is 11 - (0 + 25 + -9) - 19?
-24
What is the value of 14 + -1 + (187 - 181)?
19
(-1 - (9 + -5)) + (11 - 16) + 6
-4
Evaluate -6 - ((5 + -5 - 3) + -14).
11
What is the value of 13 + 6 - (1 + 6) - (13 - 6)?
5
Calculate -179 + 195 + -3 + -3.
10
What is 8 + (-13 - -5) + -2?
-2
What is 1 + -6 + (-43 - -48) - 7 - -15?
8
Calculate 3 + 6 + (-8 + 4 - (10 + -7)).
2
What is -11 - -9 - (11 - (2 + (2 - 0)))?
-9
Calculate 4 - (-5 - -13) - (-10 + 6 + -1).
1
What is -5 + 11 + -17 + 7?
-4
Evaluate (-47 - -54) + -12 + (4 - (7 + -3)).
-5
-15 - (-4 + (-12 - 16))
17
Evaluate (5 - 3) + 1 + -16 + 23.
10
What is the value of 2 + (-23 - -15 - -7)?
1
Evaluate -12 - -14 - -6 - (3 + -13 + 4).
14
Evaluate (-4 - -3) + (-1 - (5 - 5)) - -6.
4
Calculate 21 - 0 - (1 + (-15 - -6) + 9).
20
(-176 - -191) + (-3 + 3 - 10)
5
Calculate -6 - (-4 - (16 - 10)) - 38.
-34
What is 19 - (-18 + -11 + 73)?
-25
What is the value of -7 - ((-1 - 0 - 18) + -34 + 37)?
9
Evaluate 1 - (4 - (4 - 5) - 10 - -17).
-11
Evaluate (-662 - -657) + (-2 - 1).
-8
Calculate -1 + 1 - (82 - 80).
-2
What is the value of 18 + -9 + -17 - (2 + -4)?
-6
What is -11 + -28 + (32 - 17)?
-24
3 + 5 + (-4 - 3) + -17
-16
What is 0 - ((0 + -3 - 0) + (0 - -1))?
2
Evaluate (25 - 11) + -12 + 16 + -4.
14
(-18 - 9) + 18 - (-16 + -1 + -2)
10
What is 5 + -6 + 2 + -18 + 10 + -26?
-33
3 + -27 - (-251 + 253)
-26
Calculate 4 + 0 + -2 + -1 + (-9 - -6).
-2
What is the value of 19 - (-14 + (-10 - -22) + 0)?
21
What is -40 + -4 - (-240 - -206)?
-10
Calculate 5 - (17 + -1 + (1 - -12) + -19).
-5
3 - (2 - -15) - -11
-3
Calculate (-11 - (-7 - 1)) + 9 + -28.
-22
What is the value of -4 - (-1 - 2 - (7 - (33 + -31)))?
4
-3 + -9 + (-84 - -78)
-18
Calculate 4 - 0 - (0 - -12) - 4.
-12
What is the value of -22 + 0 - (-107 - -81)?
4
Calculate 20 - 13 - (1 + 8) - (-2 - -20).
-20
Calculate 9 + 4 + -17 - (-1 - -8).
-11
What is the value of (6 - 2) + (4 - 9 - -15)?
14
What is the value of -6 - -2 - (-21 - -13 - -12)?
-8
Calculate -16 + (14 - -1) + (-14 - -5 - 3).
-13
Calculate 10 + 2 - (15 + 2 + -11) - 6.
0
Evaluate 1 + (2 - -13) + -8.
8
-1 - (18 + -19 + 6 + -1)
-5
Evaluate (27 - 56) + 6 - -9.
-14
(5 - (8 - 2)) + -1 - -6 - 3
1
What is the value of 11 + 10 - 25 - -16?
12
What is (-2 - (-11 + 3)) + 3 + -20?
-11
Evaluate 3 + ((-9 - (-8 + 27)) + 10 - 6).
-21
Evaluate (0 - 29) + (-177 - -222).
16
Calculate 38 - -1 - (1068 - 1036).
7
(-37 - -44) + -14 + 1 - -28
22
Calculate -6 + -19 + -1 + 14.
-12
(-422 - -423) + (11 - (0 - -1))
11
What is -24 + 30 + -2 + (8 - -1)?
13
Evaluate 1 + -4 + -4 - (53 - 48).
-12
What is the value of -4 + -39 + 30 + -8?
-21
What is -7 + -3 + -6 + 22 + 5?
11
What is 2 + 11 + -21 - (0 - -7)?
-15
What is -8 + (-3 - -14) + -5 + 5 + 4?
7
Evaluate -13 + 29 + -11 - -8.
13
What is the value of 14 + (27 + -44 - -2)?
-1
Calculate 1 + (-8 + 1 - (42 - 42)).
-6
-1 + 9 - (93 + -88)
3
Calculate -4 + (8 + 0 - (-16 - -14)) + 1.
7
Calculate (1 - -7) + (-13 - 23 - -10) + -11.
-29
What is the value of 5 + -34 + 20 + -1 + 3?
-7
What is (27 - (9 - -27)) + 6?
-3
What is 18 - 27 - (-16 - 5)?
12
Calculate 4 + -6 - (-10 - (-3 + (5 - -4))).
14
Calculate (-30 - -53) + -9 + -50.
-36
What is -4 - ((-53 - -24) + 11)?
14
-10 + (20 + -27 - 20) + (6 - 0)
-31
What is 22 - (48 - (33 - 18))?
-11
What is the value of (-8 - 0) + (-89 - -103)?
6
Calculate 9 + (-20 - ((9 - 20) + 4 + 0)).
-4
Evaluate (-19 - -29) + -33 - -23.
0
What is -12 + -1 + 8 + 2 + (-23 - -3)?
-23
What is the value of 4 - 16 - -11 - 10?
-11
Calculate 35 + 16 + -51 + (2 - 17).
-15
What is the value of 4 + (-103 + 111 - (-2 + 0))?
14
What is the value of (24 - 35) + 13 + (-1 - -1)?
2
What is 25 - (-24 - -80) - (-12 + 1)?
-20
What is 16 - (11 + 46) - -22?
-19
Evaluate -3 + 8 + (9 - 3 - 0) + -3.
8
What is -2 + -6 + (-60 - -63) + (3 - -36)?
34
Evaluate 16 - (-21 + 63 + -23).
-3
Calculate (-3 - -3) + 3 - (-1 + 8 + -8).
4
Evaluate -1 + 6 - (70 + -47).
-18
What is (16 - (7 - (1 - -6))) + 14?
30
What is the value of (-16 - -3) + -48 + 60?
-1
0 + 3 - (7 + (-1 - 15))
12
What is the value of (-26 - (9 + -12)) + 13?
-10
What is (-36 - -35 - (1 + 1)) + -2?
-5
Calculate (-5 - -22 - -7) + 3 + -6.
21
-2 - 24 - (-12 - 29 - -29)
-14
2 - ((-1 - (3 + -5)) + 4 + -2)
-1
Calculate -7 - (-10 + (6 - -8 - 3)).
-8
What is 11 + (1 + 2 - -2 - (10 - 10))?
16
What is 0 - (-26 - -8) - ((1 - -4) + -6)?
19
What is -2 + 43 + (-15 - -13 - 9) + 4?
34
Evaluate -7 + (-1 - 1 - -7 - 7).
-9
Evaluate -9 + 14 + -35 + 48.
18
Evaluate 13 + (5 - -4) + -1 + (-19 - -19).
21
What is -1 + 0 - (2 + 10 + -5 + -3)?
-5
What is (39 - 1) + -77 + 109 + -48?
22
What is the value of (0 - 38) + (2298 - 2231)?
29
(-3 - (-1 + 0)) + 9 - 1
6
Evaluate 5 - ((14 + 1 - (-18 - -22)) + 4).
-10
What is the value of (7 - (7 - -19)) + 20?
1
Calculate 1 + 0 + 1 + -5 + -320 + 316.
-7
What is (-4 - 13) + 8 - (-6 + 1)?
-4
What is the value of -2 + 5 - (-2 + 16)?
-11
-4 - (41 - 73 - 9)
37
What is the value of -29 - (-4 + -28 + 3)?
0
Calculate -18 + -1 + 1 + (-11 - -1) + 8.
-20
10 - 3 - -16 - 19
4
What is the value of -4 + (-2 - 4) + 15 + 10?
15
What is 23 + -16 + (-4 - (-4 - -9)) + -4?
-6
Evaluate (0 - -4 - (-4 - -4 - 2)) + 7.
13
What is the value of 3 + 3 - (1 - -19)?
-14
Evaluate -3 + (11 + 0 - (24 - 10)).
-6
What is 154 + -138 + 1 + 1 + -10?
8
Evaluate -425 + 439 + (-6 - (-2 + 1 + 0)).
9
4 + -17 + 8 + -7
-12
What is 50 - 59 - (-5 - (-2 + 6))?
0
What is -5 - -28 - 38 - -3?
-12
Evaluate (6 - (-17 + (37 - -3))) + 32.
15
What is the value of (8 - (-2 - 6)) + -8?
8
Evaluate -10 + 10 + -4 - -16.
12
What is the value of -32 - (-22 + (3 - 20))?
7
What is 43 - 24 - 10 - (-16 - -1)?
24
Calculate (-2 - 0 - -4 - -5) + 2.
9
What is the value of 0 - ((7 - 20) + 16) - (6 + -1)?
-8
2 - 16 - (-37 - -34)
-11
Evaluate -119 - -84 - (-2 + -18).
-15
Evaluate 6 - -1 - (-65 + 76).
-4
Evaluate -12 - (26 - (5 - -16)).
-17
What is 10 + -8 + (-4 - 0) - 1 - -1?
-2
Evaluate 3 + 10 + (100 - 121).
-8
What is -11 + -3 + 9 + (0 - 15)?
-20
What is -8 + 11 - (12 + (-1 - -1))?
-9
Calculate (12 + -11 - 3) + 1 + 10 + 7.
16
Evaluate (-2 - 8) + 0 - (-11 - (1 + -15)).
-13
Calculate 10 + (-5 - (27 - 0) - 2).
-24
Evaluate (24 - -1) + (-55 - -39) + -18.
-9
What is -3 + 7 + (-14 - -6) + 13 + 7?
16
What is the value of 0 + -6 - (267 + -268)?
-5
Calculate -17 + (-14 - -12 - (-9 + 0)).
-10
Evaluate (-10 - -1) + (9 - 7 - -10).
3
What is the value of (-309 - -304) + 4 + 1?
0
-24 + (31 + -9 - -9)
7
Evaluate -27 + 39 + -1 + 0.
11
(1 - -1) + 3 + 2 + 2
9
Calculate (8 - 6) + -4 - 6.
-8
What is the value of -21 - (-30 + -1 + 18 + 10)?
-18
What is the value of -51 + 54 - (-1 + -28)?
32
(-4 - (4 - 5)) + -14 + 25 + 9
17
Calculate 21 + (5 - 19) - (-3 - -3).
7
Calculate (9 - (17 - 6)) + -4 + 7 - 4.
-3
What is the value of 0 + 0 - (55 - 39)?
-16
(-31 - -33 - -4) + -17 + -1
-12
Calculate -1 - (-18 + (-8 - -14)).
11
What is -12 - (11 - (8 - -2))?
-13
What is the value of 7 + -17 - (-7 + (8 - -1))?
-12
What is the value of (5 + 5 - 15) + 11?
6
(-13 - (-4 - 31)) + -4 + -5
13
Evaluate 17 + -1 - (0 - (7 + 0)).
23
What is the value of -5 - (-60 + 52 + (0 - 21) + 0)?
24
Calculate 5 - 2 - 6 - ((3 - 3) + -1).
-2
Calculate -11 - (-3 - (20 - 3)).
9
What is -40 - -16 - (-21 + -35)?
32
What is the value of -19 + (6 + -9 - (0 - 16))?
-6
What is (6 - 11) + -6 + 1 - 7?
-17
(-10 + -2 - 7 - -10) + 18
9
What is the value of 59 + (22 - 79) + 0 + -18?
-16
Calculate (8 - 24) + 26 + -21 + 3.
-8
What is -16 + (-2 - 2) + 13?
-7
What is the value of -6 - -10 - 10 - (-1 + -10)?
5
Calculate -170 + 187 - ((-10 - 4) + 2).
29
Evaluate 0 + 5 + (1270 - 1295).
-20
What is the value of (3 - -1 - -1) + (-134 - -132) - 15?
-12
Calculate (7 - (7 + (-7 - (2 + -7)))) + -3.
-1
Evaluate 10 + -26 + 26 + (-27 - -4).
-13
What is the value of 4 - 7 - ((3 - 1) + -4 + 4)?
-5
What is the value of (-44 - -20) + 1 + 